{"id":2231,"date":"2021-05-25T14:39:10","date_gmt":"2021-05-25T05:39:10","guid":{"rendered":"https:\/\/www.waseda-flc.ac.jp\/course\/japanese\/?page_id=2231"},"modified":"2022-02-18T10:48:15","modified_gmt":"2022-02-18T01:48:15","slug":"vi-society","status":"publish","type":"page","link":"https:\/\/www.waseda-flc.ac.jp\/course\/japanese\/vi\/school\/","title":{"rendered":"Gi\u1edbi thi\u1ec7u kh\u00f3a h\u1ecdc"},"content":{"rendered":"<section>\n<h3>Ch\u01b0\u01a1ng tr\u00ecnh \u0111\u00e0o t\u1ea1o<\/h3>\n<p>Tr\u01b0\u1eddng ch\u00fang t\u00f4i c\u00f3 l\u1edbp h\u1ecdc bu\u1ed5i s\u00e1ng v\u00e0 bu\u1ed5i chi\u1ec1u, l\u1edbp h\u1ecdc t\u1eeb th\u1ee9 Hai \u0111\u1ebfn th\u1ee9 S\u00e1u. C\u00e1c l\u1edbp h\u1ecdc \u0111\u01b0\u1ee3c t\u1ed5 ch\u1ee9c theo tr\u00ecnh \u0111\u1ed9, th\u1eddi gian h\u1ecdc 4 ti\u1ebft \/ ng\u00e0y. <\/p>\n<h6>L\u1edbp s\u01a1 c\u1ea5p<\/h6>\n<p>Tr\u00ecnh \u0111\u1ed9 s\u01a1 c\u1ea5p s\u1ebd h\u1ecdc \u0111\u01b0\u1ee3c c\u00e1c k\u1ef9 n\u0103ng c\u01a1 b\u1ea3n c\u1ee7a ti\u1ebfng Nh\u1eadt th\u00f4ng qua c\u00e1c luy\u1ec7n t\u1eadp v\u00e0 ho\u1ea1t \u0111\u1ed9ng kh\u00e1c nhau nh\u01b0 t\u1eeb v\u1ef1ng, c\u00e1ch di\u1ec5n \u0111\u1ea1t, nghe hi\u1ec3u v\u00e0 h\u1ed9i tho\u1ea1i. H\u1ecdc nh\u1eefng t\u1eeb ng\u1eef \u0111\u01a1n gi\u1ea3n v\u00e0 ch\u1eef H\u00e1n m\u1ed7i ng\u00e0y v\u00e0 th\u1eed tr\u00ecnh \u0111\u1ed9 b\u1eb1ng nh\u1eefng b\u00e0i ki\u1ec3m tra nh\u1ecf.<\/p>\n<h6>L\u1edbp trung c\u1ea5p<\/h6>\n<p>\u0110\u1ec3 h\u1ecdc ti\u1ebfng Nh\u1eadt m\u1ed9t c\u00e1ch to\u00e0n di\u1ec7n, bao g\u1ed3m t\u1eeb v\u1ef1ng, ng\u1eef ph\u00e1p, \u0111\u1ecdc hi\u1ec3u, vi\u1ebft theo ch\u1ee7 \u0111\u1ec1 ch\u1ee7 y\u1ebfu tr\u00ean s\u00e1ch gi\u00e1o khoa. H\u01a1n n\u1eefa, s\u1ebd c\u1ea3i thi\u1ec7n kh\u1ea3 n\u0103ng  t\u1eebng m\u00f4n h\u1ecdc nh\u01b0 ng\u1eef ph\u00e1p v\u00e0 nghe hi\u1ec3u. Trong c\u00e1c l\u1edbp luy\u1ec7n thi n\u0103ng l\u1ef1c ti\u1ebfng Nh\u1eadt v\u00e0 k\u1ef3 thi tuy\u1ec3n sinh \u0111\u1ea1i h\u1ecdc Nh\u1eadt B\u1ea3n d\u00e0nh cho du h\u1ecdc sinh, c\u00e1c b\u1ea1n s\u1ebd \u0111\u01b0\u1ee3c h\u1ecdc c\u00e1c m\u1eb9o l\u00e0m b\u00e0i b\u1eb1ng c\u00e1ch x\u1eed l\u00fd d\u1ea7n c\u00e1c b\u00e0i ki\u1ec3m tra theo c\u00e1c d\u1ea1ng b\u00e0i th\u1ef1c h\u00e0nh t\u1eeb c\u1ea5p \u0111\u1ed9 c\u01a1 b\u1ea3n c\u1ea5p \u0111\u1ed9 cao.<\/p>\n<h6>L\u1edbp n\u00e2ng cao<\/h6>\n<p>M\u1ee5c \u0111\u00edch c\u1ee7a ch\u00fang t\u00f4i mong mu\u1ed1n n\u00e2ng cao h\u01a1n n\u1eefa v\u1ed1n t\u1eeb v\u1ef1ng, ng\u1eef ph\u00e1p, \u0111\u1ecdc hi\u1ec3u, vi\u1ebft, v.v. \u0111\u00e3 h\u1ecdc \u1edf l\u1edbp trung c\u1ea5p v\u00e0  &#8220;S\u1eed d\u1ee5ng \u0111\u01b0\u1ee3c ti\u1ebfng Nh\u1eadt&#8221; n\u00e2ng cao h\u01a1n cho t\u1eebng \u0111\u1ed1i t\u01b0\u1ee3ng. Ch\u00fang t\u00f4i mong mu\u1ed1n  \u0111\u1ea1t \u0111i\u1ec3m cao cho K\u1ef3 thi N\u0103ng l\u1ef1c ti\u1ebfng Nh\u1eadt v\u00e0 K\u1ef3 thi Tuy\u1ec3n sinh \u0110\u1ea1i h\u1ecdc Nh\u1eadt B\u1ea3n d\u00e0nh cho Sinh vi\u00ean Qu\u1ed1c t\u1ebf b\u1eb1ng c\u00e1c c\u00e2u h\u1ecfi th\u1ef1c t\u1ebf. Ngo\u00e0i ra, b\u1eb1ng c\u00e1ch k\u1ebft h\u1ee3p c\u00e1c t\u00e0i li\u1ec7u gi\u1ea3ng d\u1ea1y tr\u1ef1c ti\u1ebfp nh\u01b0 b\u00e1o, t\u1ea1p ch\u00ed, tin t\u1ee9c v\u00e0 phim truy\u1ec1n h\u00ecnh, ch\u00fang t\u00f4i s\u1ebd ph\u00e1t tri\u1ec3n tr\u00ecnh \u0111\u1ed9 ti\u1ebfng Nh\u1eadt c\u00f3 th\u1ec3 s\u1eed d\u1ee5ng trong nhi\u1ec1u t\u00ecnh hu\u1ed1ng. <\/p>\n<h6>Gi\u1edd h\u1ecdc t\u1ef1 tr\u1ecdn<\/h6>\n<p>\u1ede c\u00e1c l\u1edbp trung c\u1ea5p v\u00e0 n\u00e2ng cao, b\u1ea1n c\u00f3 th\u1ec3 ch\u1ecdn c\u00e1c m\u00f4n h\u1ecdc ph\u00f9 h\u1ee3p v\u1edbi s\u1edf th\u00edch v\u00e0 m\u1ee5c \u0111\u00edch c\u1ee7a m\u00ecnh, ch\u1eb3ng h\u1ea1n nh\u01b0 h\u1ecdc thi n\u0103ng l\u1ef1c ti\u1ebfng Nh\u1eadt v\u00e0 h\u1ecdc thi tuy\u1ec3n sinh \u0111\u1ea1i h\u1ecdc Nh\u1eadt B\u1ea3n d\u00e0nh cho sinh vi\u00ean qu\u1ed1c t\u1ebf, tr\u1ea3i nghi\u1ec7m v\u0103n h\u00f3a truy\u1ec1n th\u1ed1ng Nh\u1eadt B\u1ea3n, phim truy\u1ec1n h\u00ecnh Nh\u1eadt B\u1ea3n v\u00e0 Ti\u1ebfng Nh\u1eadt trong th\u01b0\u01a1ng m\u1ea1i. Kh\u00f4ng gian h\u1ecdc t\u1eadp v\u1edbi nh\u1eefng sinh vi\u00ean c\u00f9ng ch\u00ed h\u01b0\u1edbng trong c\u00e1c l\u1edbp h\u1ecdc l\u00e0 m\u1ed9t y\u1ebfu t\u1ed1 k\u00edch th\u00edch m\u1ea1nh m\u1ebd.<\/p>\n<p>\u25a0V\u00ed d\u1ee5 v\u1ec1 c\u00e1c kh\u00f3a h\u1ecdc t\u1ef1 ch\u1ecdn: ti\u1ebfng Nh\u1eadt h\u1ecdc trong truy\u1ec7n tranh \/ ho\u1ea1t h\u00ecnh,  phim truy\u1ec1n h\u00ecnh \/ \u0111i\u1ec7n \u1ea3nh, \u0111\u1ecdc ti\u1ec3u thuy\u1ebft \/ b\u00e1o \/ t\u1ea1p ch\u00ed, ti\u1ebfng Nh\u1eadt th\u01b0\u01a1ng m\u1ea1i, h\u1ecdc \u0111\u1ecba l\u00fd \/ l\u1ecbch s\u1eed Nh\u1eadt B\u1ea3n, tr\u00f2 chuy\u1ec7n tr\u1ef1c ti\u1ebfp theo ho\u00e0n c\u1ea3nh, v.v.<br \/>\u25a0V\u00ed d\u1ee5 v\u1ec1 tr\u1ea3i nghi\u1ec7m v\u0103n h\u00f3a Nh\u1eadt B\u1ea3n: l\u00e0m chu\u00f4ng gi\u00f3, m\u1eb7c yukata , tr\u00e0 \u0111\u1ea1o, g\u1ea5p gi\u1ea5y, \u1ea9m th\u1ef1c Nh\u1eadt B\u1ea3n, tour tr\u1ea3i nghi\u1ec7m qu\u00e1n c\u00e0 ph\u00ea h\u1ea7u g\u00e1i, g\u1ed1m s\u1ee9, v.v. <\/p>\n<h6>L\u1edbp h\u1ecdc ngo\u1ea1i kh\u00f3a<\/h6>\n<p>M\u1ed9t n\u0103m nh\u00e0 tr\u01b0\u1eddng t\u1ed5 ch\u1ee9c 2 l\u1ea7n gi\u1edd h\u1ecdc ngo\u1ea1i kh\u00f3a cho to\u00e0n tr\u01b0\u1eddng v\u00e0 t\u1eebng l\u1edbp nh\u1eb1m m\u1ee5c \u0111\u00edch tr\u1ea3i nghi\u1ec7m v\u0103n h\u00f3a x\u00e3 h\u1ed9i Nh\u1eadt B\u1ea3n. \u0110\u1ebfn \u0111\u00f3 giao l\u01b0u v\u1edbi ng\u01b0\u1eddi l\u00e0m vi\u1ec7c \u1edf n\u01a1i \u0111\u00f3 v\u00e0 ph\u1ecfng v\u1ea5n \u0111\u1ec3 th\u00f4ng qua \u0111\u00f3 c\u00f3 th\u1ec3 r\u00f5 suy ngh\u0129 c\u1ee7a ng\u01b0\u1eddi Nh\u1eadt.<\/p>\n<p>\u25a0V\u00ed d\u1ee5 v\u1ec1 c\u00e1c \u0111\u1ecba \u0111i\u1ec3m di\u1ec5n ra gi\u1edd h\u1ecdc ngo\u1ea1i kh\u00f3a:  \u0110\u1ecba \u0111i\u1ec3m t\u1ed5 ch\u1ee9c ti\u1ec7c ngo\u00e0i tr\u1eddi c\u00f4ng vi\u00ean Shiokaze,  Th\u1ee7y cung Hakkejima, Khu vui ch\u01a1i gi\u1ea3i tr\u00ed Fujikyu, Kamakura, \u0111\u1ea3o Enoshima,  T\u00f2a nh\u00e0 Qu\u1ed1c h\u1ed9i, Tokyo Sky Tree, Tokyo Disney Resort, B\u1ea3o t\u00e0ng Edo-Tokyo, Nh\u00e0 m\u00e1y b\u00e1nh k\u1eb9o Morinaga, Bi\u1ec7t th\u1ef1 Ninja Karakuri, Tr\u01b0\u1eddng d\u1ea1y ngh\u1ec1 L\u1edbp h\u1ecdc Tr\u1ea3i nghi\u1ec7m, C\u00f4ng vi\u00ean Studio NHK, B\u1ea3o t\u00e0ng Khoa h\u1ecdc Qu\u1ed1c gia, Trung t\u00e2m Tr\u1ea3i nghi\u1ec7m Ph\u00f2ng ch\u1ed1ng Thi\u00ean tai, Trung t\u00e2m Ho\u1ea1t \u0111\u1ed9ng T\u00e1i ch\u1ebf Tokyo, B\u1ea3o t\u00e0ng \u0110\u01b0\u1eddng s\u1eaft, v.v. <\/p>\n<div class=\"flex-wrap\">\n<div class=\"curriculum\">\n\t\t\t<img decoding=\"async\" src=\"\/common2018\/imgs\/society\/japanese\/curriculum01.jpg\" alt=\"\" width=\"300\">\n\t\t  <\/div>\n<div class=\"curriculum\">\n\t\t\t<img decoding=\"async\" src=\"\/common2018\/imgs\/society\/japanese\/curriculum02.jpg\" alt=\"\" width=\"300\">\n\t\t<\/div>\n<div class=\"curriculum\">\n\t\t\t<img decoding=\"async\" src=\"\/common2018\/imgs\/society\/japanese\/curriculum03.jpg\" alt=\"\" width=\"300\">\n\t\t  <\/div>\n<div class=\"curriculum\">\n\t\t\t<img decoding=\"async\" src=\"\/common2018\/imgs\/society\/japanese\/curriculum04.jpg\" alt=\"\" width=\"300\">\n\t\t  <\/div>\n<div class=\"curriculum\">\n\t\t\t<img decoding=\"async\" src=\"\/common2018\/imgs\/society\/japanese\/curriculum05.jpg\" alt=\"\" width=\"300\">\n\t\t  <\/div>\n<\/p><\/div>\n<\/section>\n<section>\n<h3>L\u1edbp h\u1ecdc ri\u00eang<\/h3>\n<p>B\u1ea1n c\u00f3 th\u1ec3 ch\u1ecdn n\u1ed9i dung b\u00e0i h\u1ecdc, th\u1eddi gian v\u00e0 gi\u00e1o tr\u00ecnh theo m\u1ee5c \u0111\u00edch c\u00e1 nh\u00e2n c\u1ee7a m\u00ecnh. R\u1ea5t l\u00fd t\u01b0\u1edfng cho nh\u1eefng ai mu\u1ed1n n\u00e2ng cao tr\u00ecnh \u0111\u1ed9 trong th\u1eddi gian ng\u1eafn ch\u1ee7 \u0111\u1ed9ng th\u1eddi gian c\u1ee7a m\u00ecnh.<\/p>\n<p><a href=\"..\/guide\/#lesson\">Nh\u1ea5n v\u00e0o \u0111\u00e2y \u0111\u1ec3 bi\u1ebft th\u00eam chi ti\u1ebft<\/a><\/p>\n<\/section>\n<section>\n<h3>Khoa ti\u1ebfng Anh t\u1ed5ng h\u1ee3p ch\u1ebf \u0111\u1ed9 c\u1ee7a sinh vi\u00ean h\u1ecdc th\u00eam<\/h3>\n<div class=\"flex-wrap02\">\n<div class=\"w65\">\n<h5>V\u1eeba h\u1ecdc ti\u1ebfng Nh\u1eadt v\u1eeba c\u00f3 th\u1ec3 h\u1ecdc ti\u1ebfng Anh<\/h5>\n<h5>V\u00ec l\u00e0 tr\u01b0\u1eddng Cao \u0111\u1eb3ng ngo\u1ea1i ng\u1eef Waseda n\u00ean m\u1edbi c\u00f3 th\u1ec3 h\u1ecdc \u0111\u01b0\u1ee3c 2 ng\u00f4n ng\u1eef c\u00f9ng m\u1ed9t l\u00fac<\/h5>\n<h5>Khoa ti\u1ebfng Anh t\u1ed5ng h\u1ee3p t\u1ea1i tr\u01b0\u1eddng cao \u0111\u1eb3ng Waseda ( sinh vi\u00ean h\u1ecdc th\u00eam)<\/h5>\n<p>B\u1ea1n c\u00f3 mu\u1ed1n c\u1ea3i thi\u1ec7n tr\u00ecnh \u0111\u1ed9 ti\u1ebfng Anh c\u1ee7a m\u00ecnh b\u1eb1ng c\u00e1ch h\u1ecdc th\u00eam t\u1ea1i Tr\u01b0\u1eddng Cao \u0111\u1eb3ng Ngo\u1ea1i ng\u1eef Waseda t\u1ea1i Khoa Ti\u1ebfng Anh kh\u00f4ng?<\/p>\n<p>Nhi\u1ec1u sinh vi\u00ean ti\u1ebfng Nh\u1eadt \u0111ang s\u1eed d\u1ee5ng hi\u1ec7u qu\u1ea3 h\u1ec7 th\u1ed1ng h\u1ecdc th\u00eam c\u1ee7a ch\u00fang t\u00f4i \u0111\u1ec3 m\u1edf r\u1ed9ng c\u01a1 h\u1ed9i trong t\u01b0\u01a1ng lai. <\/p>\n<h6>V\u00ed d\u1ee5 v\u1ec1 c\u00e1ch h\u1ecdc<\/h6>\n<p>\u25cfSinh vi\u00ean sau khi t\u1ed1t nghi\u1ec7p khoa ti\u1ebfng Nh\u1eadt c\u1ee7a tr\u01b0\u1eddng v\u00e0 h\u1ecdc l\u00ean cao h\u1ecdc \u0111\u1ec3 c\u1ea3i thi\u1ec7n tr\u00ecnh \u0111\u1ed9 ti\u1ebfng Anh c\u1ee7a b\u1ea3n th\u00e2n n\u00ean \u0111\u00e3 \u0111\u1ebfn h\u1ecdc th\u00eam t\u1ea1i tr\u01b0\u1eddng.<\/p>\n<p>\u25cfSinh vi\u00ean \u0111ang h\u1ecdc t\u1ea1i khoa ti\u1ebfng Nh\u1eadt c\u1ee7a tr\u01b0\u1eddng \u0111\u00e3 s\u1eed d\u1ee5ng h\u1ec7 th\u1ed1ng h\u1ecdc th\u00eam v\u00e0 k\u1ebft b\u1ea1n \u0111\u01b0\u1ee3c r\u1ea5t nhi\u1ec1u b\u1ea1n ng\u01b0\u1eddi Nh\u1eadt.<\/p>\n<p>\u25cfV\u00ec c\u00f3 nhi\u1ec1u sinh vi\u00ean H\u00e0n Qu\u1ed1c trong l\u1edbp n\u1ebfu quan t\u00e2m \u0111\u1ebfn ti\u1ebfng H\u00e0n nh\u1eefng sinh vi\u00ean h\u1ecdc th\u00eam c\u00f3 th\u1ec3 h\u1ecdc \u0111\u01b0\u1ee3c c\u1ea3 nh\u1eefng c\u00e2u th\u00f4ng th\u01b0\u1eddng c\u1ee7a ti\u1ebfng H\u00e0n.<\/p>\n<\/p><\/div>\n<div class=\"w35\">\n\t\t\t<img decoding=\"async\" src=\"\/common2018\/imgs\/society\/japanese\/course01.jpg\" alt=\"\" width=\"300\">\n\t\t\t<\/div>\n<\/p><\/div>\n<h4>L\u1ee3i \u00edch c\u1ee7a H\u1ec7 th\u1ed1ng h\u1ecdc th\u00eam t\u1ea1i tr\u01b0\u1eddng cao \u0111\u1eb3ng Waseda.<\/h4>\n<div class=\"flex-wrap02\">\n<div class=\"w65\">\n<ol>\n<li>C\u00f3 nhi\u1ec1u l\u1ef1a tr\u1ecdn h\u01a1n cho c\u00e1c tr\u01b0\u1eddng \u0111\u1ea1i h\u1ecdc, tr\u01b0\u1eddng d\u1ea1y ngh\u1ec1, vi\u1ec7c l\u00e0m, v.v. <\/li>\n<li>C\u00f3 th\u1ec3 k\u1ebft b\u1ea1n \u0111\u01b0\u1ee3c v\u1edbi nhi\u1ec1u ng\u01b0\u1eddi Nh\u1eadt \u0111\u1ec3 kh\u1ea3 n\u0103ng ti\u1ebfng Nh\u1eadt s\u1ebd t\u1ed1t l\u00ean t\u1ef1 nhi\u00ean.<\/li>\n<li>B\u1ea1n  c\u00f3 th\u1ec3 h\u1ecdc c\u00e1c b\u00e0i h\u1ed9i tho\u1ea1i ti\u1ebfng Anh  v\u1edbi gi\u00e1o vi\u00ean b\u1ea3n ng\u1eef.<\/li>\n<\/ol>\n<h6>C\u00f3 th\u1ec3 l\u1ef1a tr\u1ecdn ng\u00f4n ng\u1eef th\u1ee9 2<\/h6>\n<p>B\u1ea1n c\u0169ng c\u00f3 th\u1ec3 h\u1ecdc th\u00eam ti\u1ebfng H\u00e0n, ti\u1ebfng Trung v\u00e0 ti\u1ebfng Ph\u00e1p, v\u00ec v\u1eady b\u1ea1n c\u00f3 th\u1ec3 c\u00f3 \u0111\u01b0\u1ee3c c\u00e1c k\u1ef9 n\u0103ng ng\u00f4n ng\u1eef m\u00e0 b\u1ea1n quan t\u00e2m. <\/p>\n<h6>C\u00f3 th\u1ec3 tham gia c\u00e1c l\u1edbp h\u1ecdc trong khoa ti\u1ebfng Nh\u1eadt m\u00e0 kh\u00f4ng b\u1ecb \u1ea3nh h\u01b0\u1edfng <\/h6>\n<p>B\u1ea1n c\u00f3 th\u1ec3 tho\u1ea3i m\u00e1i l\u1ef1a ch\u1ecdn theo th\u1eddi gian khi khoa ti\u1ebfng Nh\u1eadt kh\u00f4ng c\u00f3 l\u1edbp. <\/p>\n<h6>C\u00e1ch tham d\u1ef1 \u0111\u01a1n gi\u1ea3n<\/h6>\n<p>\u0110\u0103ng k\u00fd \u21d2 Ph\u1ecfng v\u1ea5n v\u1edbi gi\u1ea3ng vi\u00ean b\u1ed9 m\u00f4n ti\u1ebfng Anh v\u00e0 ki\u1ec3m tra tr\u00ecnh \u0111\u1ed9 (ki\u1ec3m tra \u0111\u00e0m tho\u1ea1i \/ vi\u1ebft) \u21d2 Ki\u1ec3m tra th\u1eed \u21d2 l\u00e0m th\u1ee7 t\u1ee5c<\/p>\n<\/p><\/div>\n<div class=\"w35\">\n\t\t\t<img decoding=\"async\" src=\"\/common2018\/imgs\/society\/japanese\/course02.jpg\" alt=\"\" width=\"300\">\n\t\t<\/div>\n<\/p><\/div>\n<h4>Ph\u00ed tham d\u1ef1<\/h4>\n<div class=\"englishfee-section\">\n<table class=\"englishfee\">\n<tbody>\n<tr>\n<td>Ph\u00ed nh\u1eadp h\u1ecdc<\/td>\n<td>0 \u0111\u1ed3ng<\/td>\n<\/tr>\n<tr>\n<td>Ph\u00ed \u0111\u0103ng k\u00fd<\/td>\n<td>0 \u0111\u1ed3ng<\/td>\n<\/tr>\n<tr>\n<td>H\u1ecdc ph\u00ed<\/td>\n<td>90 ph\u00fat 1 ti\u1ebft\/ 1 tu\u1ea7n 1 bu\u1ed5i n\u1eeda n\u0103m l\u00e0 33,000 y\u00ean ( bao g\u1ed3m thu\u1ebf)<\/td>\n<\/tr>\n<tr>\n<td>S\u1ed1 l\u01b0\u1ee3ng kh\u00f3a h\u1ecdc t\u1ed1i \u0111a<\/td>\n<td>T\u1ed1i \u0111a 5 m\u00f4n \/ tu\u1ea7n , s\u1ed1 ti\u1ebft  kh\u00f4ng li\u00ean quan<\/td>\n<\/tr>\n<tr>\n<td>Ph\u00ed b\u00e0i thi<\/td>\n<td>t\u00ednh theo th\u1ef1c t\u1ebf<\/td>\n<\/tr>\n<\/tbody>\n<\/table>\n<p><b>\u203b\u0110i\u1ec1u c\u1ea7n l\u01b0u \u00fd<\/b><br \/>V\u00ec khoa ti\u1ebfng Nh\u1eadt \u0111\u01b0\u1ee3c \u01b0u ti\u00ean h\u00e0ng \u0111\u1ea7u n\u00ean c\u00f3 th\u1ec3 b\u1ea1n s\u1ebd kh\u00f4ng \u0111\u1ea1t \u0111\u01b0\u1ee3c tr\u00ecnh \u0111\u1ed9 nh\u01b0 b\u1ea1n mong mu\u1ed1n.<\/p>\n<\/p><\/div>\n<\/section>\n<section>\n<h3>Ch\u1ebf \u0111\u1ed9 gi\u1edbi thi\u1ec7u \u0111\u1eb7c bi\u1ec7t trong tr\u01b0\u1eddng v\u00e0o khoa ti\u1ebfng Anh t\u1ed5ng h\u1ee3p<\/h3>\n<h6>Sau khi th\u00e0nh th\u1ea1o Ti\u1ebfng Nh\u1eadt b\u01b0\u1edbc ti\u1ebfp theo l\u00e0 chinh ph\u1ee5c ti\u1ebfng Anh t\u1ea1i khoa ti\u1ebfng Anh c\u1ee7a tr\u01b0\u1eddng cao \u0111\u1eb3ng nh\u1eadt ng\u1eef Waseda.<\/h6>\n<p>Trong Khoa Ti\u1ebfng Anh t\u1ed5ng h\u1ee3p b\u1ea1n c\u00f3 th\u1ec3 h\u1ecdc ti\u1ebfng Anh  v\u1edbi nhi\u1ec1u ng\u01b0\u1eddi Nh\u1eadt. H\u00e0ng n\u0103m, m\u1ed9t s\u1ed1 sinh vi\u00ean t\u1ed1t nghi\u1ec7p khoa ti\u1ebfng Nh\u1eadt ti\u1ebfp t\u1ee5c theo h\u1ecdc t\u1ea1i Khoa Ti\u1ebfng Anh T\u1ed5ng h\u1ee3p c\u1ee7a tr\u01b0\u01a1ng.<\/p>\n<p>T\u1eadn d\u1ee5ng nhi\u1ec1u l\u1ee3i \u00edch v\u00e0 h\u01b0\u1edbng t\u1edbi m\u1ee5c ti\u00eau n\u00e2ng cao h\u01a1n n\u1eefa k\u1ef9 n\u0103ng c\u1ee7a b\u1ea1n trong m\u1ed9t m\u00f4i tr\u01b0\u1eddng quen thu\u1ed9c<\/p>\n<h6>Ch\u1ebf \u0111\u1ed9 gi\u1edbi thi\u1ec7u \u0111\u1eb7c bi\u1ec7t trong tr\u01b0\u1eddng \u0111\u1ebfn khoa ti\u1ebfng Anh t\u1ed5ng h\u1ee3p<\/h6>\n<ol>\n<li>L\u1ec7 ph\u00ed ki\u1ec3m tra \u0111\u1ea7u v\u00e0o (20.000 y\u00ean) \u0111\u01b0\u1ee3c mi\u1ec5n v\u00ec \u0111\u01b0\u1ee3c gi\u1edbi thi\u1ec7u t\u1eeb khoa ti\u1ebfng Nh\u1eadt!<\/li>\n<li>B\u1ea1n c\u00f3 th\u1ec3 \u0111\u0103ng k\u00fd v\u1edbi m\u1ee9c h\u1ecdc ph\u00ed \u0111\u1eb7c bi\u1ec7t (n\u0103m \u0111\u1ea7u ti\u00ean). (Gi\u1ea3m t\u1edbi 280.000 y\u00ean h\u1ecdc ph\u00ed)<\/li>\n<li>Ch\u1ec9 c\u1ea7n \u0111\u01a1n \u0111\u0103ng k\u00fd v\u00e0 t\u1edd \u0111\u0103ng k\u00fd l\u00e0 ok! (* C\u00f3 th\u1ec3 y\u00eau c\u1ea7u c\u00e1c t\u00e0i li\u1ec7u b\u1ed5 sung)<\/li>\n<li>N\u1ebfu b\u1ea1n t\u1ed1t nghi\u1ec7p, b\u1ea1n s\u1ebd nh\u1eadn \u0111\u01b0\u1ee3c b\u1eb1ng c\u1ea5p \u201cchuy\u00ean vi\u00ean\u201d gi\u1ed1ng nh\u01b0 m\u1ed9t sinh vi\u00ean t\u1ed1t nghi\u1ec7p tr\u01b0\u1eddng cao \u0111\u1eb3ng. T\u1ea5t nhi\u00ean, b\u1ea1n c\u0169ng c\u00f3 th\u1ec3 chuy\u1ec3n ti\u1ebfp l\u00ean \u0111\u1ea1i h\u1ecdc.<\/li>\n<li>C\u00e1c b\u1ea1n c\u00f3 nhu c\u1ea7u \u0111i du h\u1ecdc Ch\u00e2u \u00c2u v\u00e0 Hoa K\u1ef3 c\u00f3 th\u1ec3 \u0111i du h\u1ecdc th\u00f4ng qua c\u00e1c c\u01a1 s\u1edf li\u00ean k\u1ebft.<\/li>\n<li>\u0110\u1ecba \u0111i\u1ec3m tr\u01b0\u1eddng c\u0169ng gi\u1ed1ng nh\u01b0 khoa ti\u1ebfng Nh\u1eadt. Kh\u00f4ng c\u1ea7n ph\u1ea3i di chuy\u1ec3n. B\u1ea1n c\u00f3 th\u1ec3 h\u1ecdc trong m\u1ed9t m\u00f4i tr\u01b0\u1eddng ho\u00e0n h\u1ea3o v\u1edbi nh\u1eefng gi\u00e1o vi\u00ean th\u00e2n thi\u1ec7n. <\/li>\n<\/ol>\n<p>\u203b \u0110\u1ec3 c\u00f3 th\u1ec3 gi\u1edbi thi\u1ec7u c\u1ea7n ph\u1ea3i \u0111\u00e1p \u1ee9ng c\u00e1c ti\u00eau ch\u00ed do khoa Ti\u1ebfng Anh t\u1ed5ng h\u1ee3p \u0111\u1eb7t ra, ch\u1eb3ng h\u1ea1n nh\u01b0 t\u1ef7 l\u1ec7 chuy\u00ean c\u1ea7n v\u00e0 \u0111i\u1ec3m s\u1ed1 c\u1ee7a B\u1ed9 m\u00f4n Ti\u1ebfng Nh\u1eadt ph\u1ea3i \u0111\u1ea1t ti\u00eau chu\u1ea9n. <\/p>\n","protected":false},"excerpt":{"rendered":"<p>Ch\u01b0\u01a1ng tr\u00ecnh \u0111\u00e0o t\u1ea1o Tr\u01b0\u1eddng ch\u00fang t\u00f4i c\u00f3 l\u1edbp h\u1ecdc bu\u1ed5i s\u00e1ng v\u00e0 bu\u1ed5i chi\u1ec1u, l\u1edbp h\u1ecdc t\u1eeb th\u1ee9 Hai \u0111\u1ebfn th\u1ee9 S\u00e1u. C\u00e1c  [&hellip;]<\/p>\n","protected":false},"author":1,"featured_media":0,"parent":2161,"menu_order":0,"comment_status":"closed","ping_status":"closed","template":"","meta":{"footnotes":""},"class_list":["post-2231","page","type-page","status-publish","hentry"],"_links":{"self":[{"href":"https:\/\/www.waseda-flc.ac.jp\/course\/japanese\/index.php?rest_route=\/wp\/v2\/pages\/2231","targetHints":{"allow":["GET"]}}],"collection":[{"href":"https:\/\/www.waseda-flc.ac.jp\/course\/japanese\/index.php?rest_route=\/wp\/v2\/pages"}],"about":[{"href":"https:\/\/www.waseda-flc.ac.jp\/course\/japanese\/index.php?rest_route=\/wp\/v2\/types\/page"}],"author":[{"embeddable":true,"href":"https:\/\/www.waseda-flc.ac.jp\/course\/japanese\/index.php?rest_route=\/wp\/v2\/users\/1"}],"replies":[{"embeddable":true,"href":"https:\/\/www.waseda-flc.ac.jp\/course\/japanese\/index.php?rest_route=%2Fwp%2Fv2%2Fcomments&post=2231"}],"version-history":[{"count":5,"href":"https:\/\/www.waseda-flc.ac.jp\/course\/japanese\/index.php?rest_route=\/wp\/v2\/pages\/2231\/revisions"}],"predecessor-version":[{"id":2387,"href":"https:\/\/www.waseda-flc.ac.jp\/course\/japanese\/index.php?rest_route=\/wp\/v2\/pages\/2231\/revisions\/2387"}],"up":[{"embeddable":true,"href":"https:\/\/www.waseda-flc.ac.jp\/course\/japanese\/index.php?rest_route=\/wp\/v2\/pages\/2161"}],"wp:attachment":[{"href":"https:\/\/www.waseda-flc.ac.jp\/course\/japanese\/index.php?rest_route=%2Fwp%2Fv2%2Fmedia&parent=2231"}],"curies":[{"name":"wp","href":"https:\/\/api.w.org\/{rel}","templated":true}]}}