{"id":2245,"date":"2021-05-26T12:07:23","date_gmt":"2021-05-26T03:07:23","guid":{"rendered":"https:\/\/www.waseda-flc.ac.jp\/course\/japanese\/?page_id=2245"},"modified":"2021-10-14T10:23:49","modified_gmt":"2021-10-14T01:23:49","slug":"vi-campuslife-event","status":"publish","type":"page","link":"https:\/\/www.waseda-flc.ac.jp\/course\/japanese\/vi\/campuslife\/","title":{"rendered":"\u0110\u1eddi s\u1ed1ng sinh vi\u00ean"},"content":{"rendered":"<section>\n<h3>Gi\u1edbi thi\u1ec7u Tr\u01b0\u1eddng<\/h3>\n<\/section>\n<h5>\u65e9\u7a32\u7530\u5916\u8a9e\u5c02\u9580\u5b66\u6821<\/h5>\n<section class=\"photofigure_01\">\n<div class=\"flex-wrap-photo\">\n<div class=\"w33_01\">\n<figure class=\"shisetsu_w33\"><img decoding=\"async\" class=\"shisetsu01\" src=\"\/common2020\/imgs\/campuslife-event\/figure01_01.jpg\" alt=\"\"><figcaption>C\u1ed5ng v\u00e0o<\/figcaption><\/figure>\n<\/p><\/div>\n<div class=\"w67_01\">\n<figure class=\"shisetsu_w67\"><img decoding=\"async\" class=\"shisetsu02\" src=\"\/common2020\/imgs\/campuslife-event\/figure01_02.jpg\" alt=\"\"><figcaption>C\u1ea3nh b\u00ean ngo\u00e0i<\/figcaption><\/figure>\n<figure class=\"shisetsu_w67\"><img decoding=\"async\" class=\"shisetsu02\" src=\"\/common2020\/imgs\/campuslife-event\/figure01_03.jpg\" alt=\"\"><figcaption>S\u00e2n th\u01b0\u1ee3ng<\/figcaption><\/figure>\n<figure class=\"shisetsu_w67\"><img decoding=\"async\" class=\"shisetsu02\" src=\"\/common2020\/imgs\/campuslife-event\/figure01_05.jpg\" alt=\"\"><figcaption>Ph\u00f2ng h\u1ecdc<\/figcaption><\/figure>\n<figure class=\"shisetsu_w67\"><img decoding=\"async\" class=\"shisetsu02\" src=\"\/common2020\/imgs\/campuslife-event\/figure01_04.jpg\" alt=\"\"><figcaption>S\u1ea3nh<\/figcaption><\/figure>\n<\/p><\/div>\n<\/p><\/div>\n<\/section>\n<h5>Waseda Seminar<\/h5>\n<section class=\"photofigure\">\n<figure><img decoding=\"async\" src=\"\/common2020\/imgs\/campuslife-event\/figure02_01.jpg\" alt=\"\"><figcaption>C\u1ea3nh b\u00ean ngo\u00e0i<\/figcaption><\/figure>\n<figure><img decoding=\"async\" src=\"\/common2020\/imgs\/campuslife-event\/figure02_02.jpg\" alt=\"\"><figcaption>Ph\u00f2ng h\u1ecdc c\u1ee7a Seminar<\/figcaption><\/figure>\n<figure><img decoding=\"async\" src=\"\/common2020\/imgs\/campuslife-event\/figure02_03.jpg\" alt=\"\"><figcaption>Ph\u00f2ng t\u1ef1 h\u1ecdc<\/figcaption><\/figure>\n<figure><img decoding=\"async\" src=\"\/common2020\/imgs\/campuslife-event\/figure02_04.jpg\" alt=\"\"><figcaption>Kho\u1ea3ng tr\u1ed1ng<\/figcaption><\/figure>\n<figure><img decoding=\"async\" src=\"\/common2020\/imgs\/campuslife-event\/figure02_05.jpg\" alt=\"\"><figcaption>Ph\u00f2ng ngh\u1ec9 d\u00e0nh cho sinh vi\u00ean<\/figcaption><\/figure>\n<figure><img decoding=\"async\" src=\"\/common2020\/imgs\/campuslife-event\/figure02_06.jpg\" alt=\"\"><figcaption>L\u1edbp h\u1ecdc d\u00e0nh cho c\u00e1c bu\u1ed5i h\u1ed9i th\u1ea3o<\/figcaption><\/figure>\n<\/section>\n<section>\n<h3>V\u1ec1 mua v\u00e9 t\u00e0u \u0111\u1ec3 \u0111i h\u1ecdc<\/h3>\n<p>nh\u1eefng sinh vi\u00ean ch\u00ednh quy c\u1ee7a tr\u01b0\u1eddng (sinh vi\u00ean th\u00e1ng 4 v\u00e0 th\u00e1ng 10) c\u00f3 th\u1ec3 mua v\u00e9 t\u00e0u \u0111\u1ec3 \u0111i h\u1ecdc. Khi mua v\u00e9 t\u1eeb ga n\u01a1i \u1edf \u0111\u1ebfn tr\u01b0\u1eddng khi \u0111\u01b0a ra th\u1ebb sinh vi\u00ean s\u1ebd \u0111\u01b0\u1ee3c gi\u1ea3m gi\u00e1 t\u1eeb 30% \u0111\u1ebfn 70% ph\u00ed (m\u1ee9c gi\u1ea3m t\u00f9y theo quy \u0111\u1ecbnh c\u1ee7a t\u1eebng ph\u01b0\u01a1ng ti\u1ec7n). <\/p>\n<p>\u203bTuy nhi\u00ean, gi\u1ea3m gi\u00e1 mua v\u00e9 t\u00e0u kh\u00f4ng \u00e1p d\u1ee5ng cho sinh vi\u00ean kh\u00f4ng c\u00f3 visa du h\u1ecdc v\u00e0 ng\u1eafn h\u1ea1n, n\u1ebfu tr\u01b0\u1eddng h\u1ee3p n\u00e0y mua v\u00e9 th\u00e1ng s\u1ebd mua v\u00e9 th\u00f4ng th\u01b0\u1eddng.<\/p>\n<p>Ngo\u00e0i ra, c\u00f3 th\u1ec3 c\u1ea5p \u201cGi\u1ea5y ch\u1ee9ng nh\u1eadn gi\u1ea3m gi\u00e1 v\u00e9 d\u00e0nh cho h\u1ecdc sinh \/ sinh vi\u00ean\u201d. <\/p>\n<\/section>\n<section>\n<h3>S\u1ef1 ki\u1ec7n h\u00e0ng n\u0103m<\/h3>\n<div class=\"flex-wrap\">\n<div class=\"w50\">\n<table class=\"gyouji\">\n<tbody>\n<tr>\n<td class=\"tl tate\">Th\u00e1ng 4<\/td>\n<td>L\u1ec5 nh\u1eadp h\u1ecdc ( Kh\u00f3a 1 n\u0103m)<br \/>Bu\u1ed5i \u0111\u1ecbnh h\u01b0\u1edbng cho c\u00e1c b\u1ea1n sinh vi\u00ean m\u1edbi nh\u1eadp h\u1ecdc<br \/>B\u1eaft \u0111\u1ea7u v\u00e0o h\u1ecdc k\u1ef3 \u0111\u1ea7u<\/td>\n<\/tr>\n<tr>\n<td class=\"tl tate\">Th\u00e1ng 5<\/td>\n<td>Ki\u1ec3m tra s\u1ee9c kh\u1ecfe<br \/>To\u00e0n tr\u01b0\u1eddng tham gia l\u1edbp h\u1ecdc b\u00ean ngo\u00e0i<\/td>\n<\/tr>\n<tr>\n<td class=\"tl tate\">Th\u00e1ng 6<\/td>\n<td>K\u1ef3 thi tuy\u1ec3n sinh \u0111\u1ea1i h\u1ecdc Nh\u1eadt B\u1ea3n d\u00e0nh cho sinh vi\u00ean qu\u1ed1c t\u1ebf<br \/>K\u1ef3 thi th\u1eed n\u0103ng l\u1ef1c ti\u1ebfng Nh\u1eadt<br \/>K\u1ef3 thi tuy\u1ec3n sinh \u0111\u1ea1i h\u1ecdc Nh\u1eadt B\u1ea3n d\u00e0nh cho sinh vi\u00ean qu\u1ed1c t\u1ebf l\u1ea7n 1<br \/>H\u1ed9i th\u1ea3o vi\u1ec7c l\u00e0m c\u1ee7a tr\u01b0\u1eddng<\/td>\n<\/tr>\n<tr>\n<td class=\"tl tate\">Th\u00e1ng 7<\/td>\n<td>K\u1ef3 thi n\u0103ng l\u1ef1c ti\u1ebfng Nh\u1eadt l\u1ea7n 1<br \/>Ki\u1ec3m tra \u0111\u1ecbnh k\u1ef3<br \/>Tanabata<br \/>Th\u1ef1c h\u00e0nh m\u1eb7c yukata<br \/>C\u00e1c l\u1edbp h\u1ecdc ngo\u00e0i tr\u01b0\u1eddng theo l\u1edbp Th\u00e1ng 7<\/td>\n<\/tr>\n<tr>\n<td class=\"tl tate\">Th\u00e1ng 8<\/td>\n<td>Ngh\u1ec9 h\u00e8<\/td>\n<\/tr>\n<tr>\n<td class=\"tl tate\">Th\u00e1ng 9<\/td>\n<td>Ki\u1ec3m tra \u0111\u1ecbnh k\u1ef3<br \/>Ngh\u1ec9 thu<\/td>\n<\/tr>\n<\/tbody>\n<\/table><\/div>\n<div class=\"w50\">\n<table class=\"gyouji\">\n<tbody>\n<tr>\n<td class=\"tl tate\">Th\u00e1ng 10<\/td>\n<td>L\u1ec5 nh\u1eadp h\u1ecdc (kh\u00f3a h\u1ecdc 1 n\u0103m r\u01b0\u1ee1i)<br \/>Bu\u1ed5i \u0111\u1ecbnh h\u01b0\u1edbng cho c\u00e1c b\u1ea1n sinh vi\u00ean m\u1edbi nh\u1eadp h\u1ecdc<br \/>H\u1ecdc k\u1ef3 hai b\u1eaft \u0111\u1ea7u<br \/>S\u1ef1 ki\u1ec7n chung Anh &#8211; Nh\u1eadt<\/td>\n<\/tr>\n<tr>\n<td class=\"tl tate\">Th\u00e1ng 11<\/td>\n<td>K\u1ef3 thi tuy\u1ec3n sinh \u0111\u1ea1i h\u1ecdc Nh\u1eadt B\u1ea3n d\u00e0nh cho sinh vi\u00ean qu\u1ed1c t\u1ebf<br \/>K\u1ef3 thi th\u1eed n\u0103ng l\u1ef1c ti\u1ebfng Nh\u1eadt<br \/>K\u1ef3 thi tuy\u1ec3n sinh \u0111\u1ea1i h\u1ecdc Nh\u1eadt B\u1ea3n d\u00e0nh cho sinh vi\u00ean qu\u1ed1c t\u1ebf l\u1ea7n th\u1ee9 2<\/td>\n<\/tr>\n<tr>\n<td class=\"tl tate\">Th\u00e1ng 12<\/td>\n<td>K\u1ef3 thi n\u0103ng l\u1ef1c ti\u1ebfng Nh\u1eadt l\u1ea7n th\u1ee9 2<br \/>Ki\u1ec3m tra \u0111\u1ecbnh k\u1ef3<br \/>L\u1edbp tr\u1ea3i nghi\u1ec7m v\u0103n h\u00f3a Nh\u1eadt B\u1ea3n (thi\u1ec7p m\u1eebng n\u0103m m\u1edbi)<br \/>K\u1ef3 ngh\u1ec9 \u0111\u00f4ng<\/td>\n<\/tr>\n<tr>\n<td class=\"tl tate\">Th\u00e1ng 1<\/td>\n<td>L\u1edbp h\u1ecdc tr\u1ea3i nghi\u1ec7m v\u0103n h\u00f3a Nh\u1eadt B\u1ea3n (\u0111i \u0111\u1ec1n ch\u00f9a,vi\u1ebft v\u0103n t\u1ef1, n\u1ea5u m\u00f3n ozoni , v.v.)<br \/>C\u00e1c b\u00e0i h\u1ecdc ngo\u00e0i tr\u01b0\u1eddng theo l\u1edbp<\/td>\n<\/tr>\n<tr>\n<td class=\"tl tate\">Th\u00e1ng 2<\/td>\n<td>Cu\u1ed9c thi h\u00f9ng bi\u1ec7n<br \/>Ki\u1ec3m tra \u0111\u1ecbnh k\u1ef3<\/td>\n<\/tr>\n<tr>\n<td class=\"tl tate\">Th\u00e1ng 3<\/td>\n<td>To\u00e0n tr\u01b0\u1eddng tham gia ngo\u1ea1i kh\u00f3a<br \/>L\u1ec5 t\u1ed1t nghi\u1ec7p<br \/>k\u1ef3 ngh\u1ec9 xu\u00e2n<\/td>\n<\/tr>\n<\/tbody>\n<\/table><\/div>\n<\/div>\n<\/section>\n<section class=\"photofigure\">\n<figure><img decoding=\"async\" src=\"\/common2020\/imgs\/campuslife-event\/figure03_01.jpg\" alt=\"\"><figcaption>L\u1ec5 nh\u1eadp h\u1ecdc<\/figcaption><\/figure>\n<figure><img decoding=\"async\" src=\"\/common2020\/imgs\/campuslife-event\/figure03_02.jpg\" alt=\"\"><figcaption>H\u1ecdc k\u1ef3 I to\u00e0n tr\u01b0\u1eddng tham gia ngo\u1ea1i kh\u00f3a<\/figcaption><\/figure>\n<figure><img decoding=\"async\" src=\"\/common2020\/imgs\/campuslife-event\/figure03_03.jpg\" alt=\"\"><figcaption>L\u1edbp h\u1ecdc t\u1ef1 ch\u1ecdn tr\u1ea3i nghi\u1ec7m v\u0103n h\u00f3a Nh\u1eadt B\u1ea3n<\/figcaption><\/figure>\n<figure><img decoding=\"async\" src=\"\/common2020\/imgs\/campuslife-event\/figure03_04.jpg\" alt=\"\"><figcaption>H\u1ed9i th\u1ea3o vi\u1ec7c l\u00e0m<\/figcaption><\/figure>\n<figure><img decoding=\"async\" src=\"\/common2020\/imgs\/campuslife-event\/figure03_05.jpg\" alt=\"\"><figcaption>C\u00e1c b\u00e0i h\u1ecdc ngo\u00e0i tr\u01b0\u1eddng theo l\u1edbp<\/figcaption><\/figure>\n<figure><img decoding=\"async\" src=\"\/common2020\/imgs\/campuslife-event\/figure03_06.jpg\" alt=\"\"><figcaption>M\u1eb7c yukata<\/figcaption><\/figure>\n<figure><img decoding=\"async\" src=\"\/common2020\/imgs\/campuslife-event\/figure03_07.jpg\" alt=\"\"><figcaption>Khoa ti\u1ebfng Anh Khoa ti\u1ebfng Nh\u1eadt c\u00f9ng tham gia l\u1ec5 h\u1ed9i Halloween<\/figcaption><\/figure>\n<figure><img decoding=\"async\" src=\"\/common2020\/imgs\/campuslife-event\/figure03_08.jpg\" alt=\"\"><figcaption>\u0110\u1ea7u n\u0103m \u0111i \u0111\u1ec1n ch\u00f9a<\/figcaption><\/figure>\n<figure><img decoding=\"async\" src=\"\/common2020\/imgs\/campuslife-event\/figure03_09.jpg\" alt=\"\"><figcaption>\u0110\u1ebfn th\u0103m quan t\u00f2a nh\u00e0 ph\u00f2ng ch\u1ed1ng thi\u00ean tai<\/figcaption><\/figure>\n<figure><img decoding=\"async\" src=\"\/common2020\/imgs\/campuslife-event\/figure03_10.jpg\" alt=\"\"><figcaption>Cu\u1ed9c thi h\u00f9ng bi\u1ec7n<\/figcaption><\/figure>\n<figure><img decoding=\"async\" src=\"\/common2020\/imgs\/campuslife-event\/figure03_11.jpg\" alt=\"\"><figcaption>H\u1ecdc k\u1ef3 II to\u00e0n tr\u01b0\u1eddng tham gia ngo\u1ea1i kh\u00f3a<\/figcaption><\/figure>\n<figure><img decoding=\"async\" src=\"\/common2020\/imgs\/campuslife-event\/figure03_12.jpg\" alt=\"\"><figcaption>L\u1ec5 t\u1ed1t nghi\u1ec7p<\/figcaption><\/figure>\n<\/section>\n","protected":false},"excerpt":{"rendered":"<p>Gi\u1edbi thi\u1ec7u Tr\u01b0\u1eddng \u65e9\u7a32\u7530\u5916\u8a9e\u5c02\u9580\u5b66\u6821 C\u1ed5ng v\u00e0o C\u1ea3nh b\u00ean ngo\u00e0i S\u00e2n th\u01b0\u1ee3ng Ph\u00f2ng h\u1ecdc S\u1ea3nh Waseda Seminar C\u1ea3nh b\u00ean ngo\u00e0i Ph [&hellip;]<\/p>\n","protected":false},"author":1,"featured_media":0,"parent":2161,"menu_order":0,"comment_status":"closed","ping_status":"closed","template":"","meta":{"footnotes":""},"class_list":["post-2245","page","type-page","status-publish","hentry"],"_links":{"self":[{"href":"https:\/\/www.waseda-flc.ac.jp\/course\/japanese\/index.php?rest_route=\/wp\/v2\/pages\/2245","targetHints":{"allow":["GET"]}}],"collection":[{"href":"https:\/\/www.waseda-flc.ac.jp\/course\/japanese\/index.php?rest_route=\/wp\/v2\/pages"}],"about":[{"href":"https:\/\/www.waseda-flc.ac.jp\/course\/japanese\/index.php?rest_route=\/wp\/v2\/types\/page"}],"author":[{"embeddable":true,"href":"https:\/\/www.waseda-flc.ac.jp\/course\/japanese\/index.php?rest_route=\/wp\/v2\/users\/1"}],"replies":[{"embeddable":true,"href":"https:\/\/www.waseda-flc.ac.jp\/course\/japanese\/index.php?rest_route=%2Fwp%2Fv2%2Fcomments&post=2245"}],"version-history":[{"count":4,"href":"https:\/\/www.waseda-flc.ac.jp\/course\/japanese\/index.php?rest_route=\/wp\/v2\/pages\/2245\/revisions"}],"predecessor-version":[{"id":2290,"href":"https:\/\/www.waseda-flc.ac.jp\/course\/japanese\/index.php?rest_route=\/wp\/v2\/pages\/2245\/revisions\/2290"}],"up":[{"embeddable":true,"href":"https:\/\/www.waseda-flc.ac.jp\/course\/japanese\/index.php?rest_route=\/wp\/v2\/pages\/2161"}],"wp:attachment":[{"href":"https:\/\/www.waseda-flc.ac.jp\/course\/japanese\/index.php?rest_route=%2Fwp%2Fv2%2Fmedia&parent=2245"}],"curies":[{"name":"wp","href":"https:\/\/api.w.org\/{rel}","templated":true}]}}